{"id":314,"date":"2024-10-19T18:04:26","date_gmt":"2024-10-19T16:04:26","guid":{"rendered":"https:\/\/mille1000.de\/?page_id=314"},"modified":"2024-10-26T13:19:58","modified_gmt":"2024-10-26T11:19:58","slug":"girls-have-fun","status":"publish","type":"page","link":"https:\/\/mille1000.de\/index.php\/home\/girls-have-fun\/","title":{"rendered":"Girls have fun"},"content":{"rendered":"\n<p class=\"has-contrast-color has-text-color has-link-color has-xx-large-font-size wp-elements-73e8f8bce8fc79f1ec8b3d43b1996b9f\" style=\"margin-top:0;margin-bottom:0;padding-top:0;padding-bottom:0\">Girls have fun<\/p>\n\n\n\n<figure class=\"wp-block-image aligncenter size-full has-custom-border\"><img loading=\"lazy\" decoding=\"async\" width=\"1422\" height=\"882\" src=\"https:\/\/mille1000.de\/wp-content\/uploads\/Hintergrundbild_06_GirlsHaveFun.jpg\" alt=\"\" class=\"wp-image-442\" style=\"border-radius:7px\" srcset=\"https:\/\/mille1000.de\/wp-content\/uploads\/Hintergrundbild_06_GirlsHaveFun.jpg 1422w, https:\/\/mille1000.de\/wp-content\/uploads\/Hintergrundbild_06_GirlsHaveFun-300x186.jpg 300w, https:\/\/mille1000.de\/wp-content\/uploads\/Hintergrundbild_06_GirlsHaveFun-768x476.jpg 768w\" sizes=\"auto, (max-width: 1422px) 100vw, 1422px\" \/><\/figure>\n\n\n\n<div class=\"wp-block-group has-global-padding is-layout-constrained wp-container-core-group-is-layout-f1ba3e7e wp-block-group-is-layout-constrained\">\n<hr class=\"wp-block-separator has-alpha-channel-opacity has-background is-style-dots\" style=\"margin-top:var(--wp--preset--spacing--30);margin-bottom:var(--wp--preset--spacing--30)\"\/>\n\n\n\n<figure class=\"wp-block-image alignleft size-full is-resized has-custom-border\"><img loading=\"lazy\" decoding=\"async\" width=\"289\" height=\"408\" src=\"https:\/\/mille1000.de\/wp-content\/uploads\/content_ghf_MuenchnerMaerz03.jpg\" alt=\"\" class=\"wp-image-316\" style=\"border-radius:5px;box-shadow:var(--wp--preset--shadow--natural);width:207px;height:auto\" srcset=\"https:\/\/mille1000.de\/wp-content\/uploads\/content_ghf_MuenchnerMaerz03.jpg 289w, https:\/\/mille1000.de\/wp-content\/uploads\/content_ghf_MuenchnerMaerz03-213x300.jpg 213w\" sizes=\"auto, (max-width: 289px) 100vw, 289px\" \/><\/figure>\n\n\n\n<figure class=\"wp-block-image alignright size-full is-resized has-custom-border is-style-rounded is-style-rounded--1\"><img loading=\"lazy\" decoding=\"async\" width=\"528\" height=\"400\" src=\"https:\/\/mille1000.de\/wp-content\/uploads\/content_ghf_MuenchnerMaerz01.jpg\" alt=\"\" class=\"wp-image-318\" style=\"border-style:none;border-width:0px;border-radius:6px;box-shadow:var(--wp--preset--shadow--natural);width:275px;height:auto\" srcset=\"https:\/\/mille1000.de\/wp-content\/uploads\/content_ghf_MuenchnerMaerz01.jpg 528w, https:\/\/mille1000.de\/wp-content\/uploads\/content_ghf_MuenchnerMaerz01-300x227.jpg 300w\" sizes=\"auto, (max-width: 528px) 100vw, 528px\" \/><\/figure>\n\n\n\n<p class=\"has-text-align-left has-medium-font-size wp-container-content-952c586e\" style=\"margin-top:0;margin-right:0px;margin-bottom:0;margin-left:0px;padding-top:0;padding-right:0px;padding-bottom:0;padding-left:0px\"><br>M\u00e4rz 2011: eine Woche Festival von S\u00e4ngerinnen, Autorinnen, Musikerinnen in der Traumstadtwohnung in M\u00fcnchen. Dazu eine Ausstellung, Tanzkurs, Diskussionen. Veranstalter: Frauenedition M\u00fcnchen.<\/p>\n\n\n\n<p class=\"has-text-align-left has-medium-font-size wp-container-content-952c586e\" style=\"margin-top:var(--wp--preset--spacing--10);margin-right:0px;margin-bottom:0;margin-left:0px;padding-top:0px;padding-right:0px;padding-bottom:0px;padding-left:0px\">Die Traumstadtwohnung in Schwabing: der K\u00fcnstler Oswald Malura lebte dort \u00fcber Jahrzehnte mit seiner Familie, eine Wohnung voller eigener Bilder von ihm und von FreundInnen aus der Schwabinger\/M\u00fcnchner\/bayrischen Kunstszene seit den 50er Jahren. Als die Seerose, Gastwirtschaft einige Stra\u00dfen weiter, modernisiert wurde, verlor der dort beheimatete K\u00fcnstlerstammtisch \u201eDie Seerose\u201c den weithin bekannten Treffpunkt. Oswald Malura bewahrte viele Objekte aus dem Seerosenkreis in seiner Wohnung, so die schiefe Laterne der \u201eGisela\u201c und das Wandbild \u00fcber der langen Bank am Stammtisch. Die Wohnung existiert in dieser Form nicht mehr, aktuelle Ausstellungen und liebenswerte Erinnerungsst\u00fccke findet man im <a href=\"https:\/\/www.oswald-malura.de\/\" data-type=\"link\" data-id=\"https:\/\/www.oswald-malura.de\/\" target=\"_blank\" rel=\"noreferrer noopener\"><strong><em><mark style=\"background-color:rgba(0, 0, 0, 0)\" class=\"has-inline-color has-accent-3-color\">Malura-Museum<\/mark><\/em><\/strong><\/a>&nbsp; in Die\u00dfen am Ammersee.<\/p>\n\n\n\n<figure class=\"wp-block-image alignright size-full is-resized has-custom-border\"><img loading=\"lazy\" decoding=\"async\" width=\"695\" height=\"371\" src=\"https:\/\/mille1000.de\/wp-content\/uploads\/content_ghf_MuenchnerMaerz02.jpg\" alt=\"\" class=\"wp-image-317\" style=\"border-radius:5px;box-shadow:var(--wp--preset--shadow--natural);width:316px;height:auto\" srcset=\"https:\/\/mille1000.de\/wp-content\/uploads\/content_ghf_MuenchnerMaerz02.jpg 695w, https:\/\/mille1000.de\/wp-content\/uploads\/content_ghf_MuenchnerMaerz02-300x160.jpg 300w\" sizes=\"auto, (max-width: 695px) 100vw, 695px\" \/><\/figure>\n\n\n\n<p class=\"has-text-align-left has-medium-font-size wp-container-content-952c586e\" style=\"margin-top:0px;margin-right:0;margin-bottom:0px;margin-left:0;padding-top:0px;padding-right:0;padding-bottom:0px;padding-left:0\"><br>Traumstadtwohnung: Der Begriff lehnt sich an ein Gedicht des Schwabinger Dichters Peter Paul Althaus an. Er kehrte 1945 aus dem Krieg zur\u00fcck, wund an Seele und K\u00f6rper, stand ersch\u00fcttert vor den Ruinen seiner Stadt. M\u00fcnchen, vor allem Schwabing war seine \u201eTraumstadt\u201c. <br>Er ver\u00f6ffentlichte einen Band mit diesem Titel, eines seiner bekanntesten Gedichte beginnt mit &#8222;<em><a href=\"https:\/\/dasgedichtblog.de\/humor-in-der-lyrik-folge-10-peter-paul-althaus-1892-1965-in-der-traumstadt-ist-ein-laecheln-stehn-geblieben\/2015\/08\/25\/\" data-type=\"link\" data-id=\"https:\/\/dasgedichtblog.de\/humor-in-der-lyrik-folge-10-peter-paul-althaus-1892-1965-in-der-traumstadt-ist-ein-laecheln-stehn-geblieben\/2015\/08\/25\/\" target=\"_blank\" rel=\"noreferrer noopener\"><mark style=\"background-color:rgba(0, 0, 0, 0)\" class=\"has-inline-color has-accent-3-color\"><strong>In der Traumstadt ist ein L\u00e4cheln stehn geblieben \u2026<\/strong><\/mark><\/a><\/em>&#8222;.<\/p>\n\n\n\n<figure class=\"wp-block-image alignright size-full is-resized has-custom-border is-style-rounded is-style-rounded--2\"><img loading=\"lazy\" decoding=\"async\" width=\"1063\" height=\"341\" src=\"https:\/\/mille1000.de\/wp-content\/uploads\/content_ghf_MuenchnerMaerz04.jpg\" alt=\"\" class=\"wp-image-315\" style=\"border-radius:5px;box-shadow:var(--wp--preset--shadow--natural);width:1054px;height:auto\" srcset=\"https:\/\/mille1000.de\/wp-content\/uploads\/content_ghf_MuenchnerMaerz04.jpg 1063w, https:\/\/mille1000.de\/wp-content\/uploads\/content_ghf_MuenchnerMaerz04-300x96.jpg 300w, https:\/\/mille1000.de\/wp-content\/uploads\/content_ghf_MuenchnerMaerz04-768x246.jpg 768w\" sizes=\"auto, (max-width: 1063px) 100vw, 1063px\" \/><\/figure>\n\n\n\n<p class=\"has-large-font-size\">&nbsp;<\/p>\n<\/div>\n\n\n\n<div class=\"wp-block-group has-global-padding is-layout-constrained wp-container-core-group-is-layout-f1ba3e7e wp-block-group-is-layout-constrained\">\n<hr class=\"wp-block-separator has-alpha-channel-opacity has-background is-style-dots\" style=\"margin-top:var(--wp--preset--spacing--40);margin-bottom:var(--wp--preset--spacing--40)\"\/>\n\n\n\n<div class=\"wp-block-group is-nowrap is-layout-flex wp-container-core-group-is-layout-6c531013 wp-block-group-is-layout-flex\">\n<div class=\"wp-block-group is-vertical is-layout-flex wp-container-core-group-is-layout-fe9cc265 wp-block-group-is-layout-flex\">\n<figure class=\"wp-block-image alignleft size-full is-resized has-custom-border wp-container-content-e7e0019e\"><img loading=\"lazy\" decoding=\"async\" width=\"296\" height=\"407\" src=\"https:\/\/mille1000.de\/wp-content\/uploads\/content_ghf_Teppiche01.jpg\" alt=\"\" class=\"wp-image-338\" style=\"border-style:none;border-width:0px;object-fit:cover;width:250px;height:344px\" srcset=\"https:\/\/mille1000.de\/wp-content\/uploads\/content_ghf_Teppiche01.jpg 296w, https:\/\/mille1000.de\/wp-content\/uploads\/content_ghf_Teppiche01-218x300.jpg 218w\" sizes=\"auto, (max-width: 296px) 100vw, 296px\" \/><\/figure>\n\n\n\n<figure class=\"wp-block-image size-full is-resized wp-container-content-a33ef8fc\"><img loading=\"lazy\" decoding=\"async\" width=\"296\" height=\"315\" src=\"https:\/\/mille1000.de\/wp-content\/uploads\/content_ghf_Teppiche02.jpg\" alt=\"\" class=\"wp-image-337\" style=\"object-fit:cover;width:250px;height:266px\" srcset=\"https:\/\/mille1000.de\/wp-content\/uploads\/content_ghf_Teppiche02.jpg 296w, https:\/\/mille1000.de\/wp-content\/uploads\/content_ghf_Teppiche02-282x300.jpg 282w\" sizes=\"auto, (max-width: 296px) 100vw, 296px\" \/><\/figure>\n<\/div>\n\n\n\n<p class=\"has-text-align-left wp-container-content-6511ad4a\" style=\"margin-top:var(--wp--preset--spacing--10);margin-right:0px;margin-bottom:var(--wp--preset--spacing--10);margin-left:0px;padding-top:0;padding-right:0px;padding-bottom:0;padding-left:0px;font-size:clamp(1.146rem, 1.146rem + ((1vw - 0.2rem) * 1.09), 1.8rem);line-height:1.6\">Viele Monate Arbeit, im August 2012 war er fertig: der fast 40m<sup>2<\/sup> gro\u00dfe Teppich der FrauenEdition M\u00fcnchen. Aus allen irgendwie geeigneten Materialien wuchs ein wildes, regellos rechteckiges Objekt in bester Fluxus-Manier, gef\u00fcttert mit vielen Gespr\u00e4che, mit Gel\u00e4chter, Musik, Geschichten aus den Treffen der Arbeit von rund 30 Frauen. Mit einem sch\u00f6nen Sommerfest haben alle das gro\u00dfe Werk gefeiert und am Ende dem Archiv des M\u00fcnchner Stadtmuseums \u00fcbergeben.<br><br>Die Pressemitteilung des Stadtmuseums k\u00f6nnen Sie <strong><em><a href=\"https:\/\/mille1000.de\/wp-content\/uploads\/Teppiche_Pressemitteilung_Stadtmuseum.pdf\" data-type=\"attachment\" data-id=\"334\" target=\"_blank\" rel=\"noreferrer noopener\"><mark style=\"background-color:rgba(0, 0, 0, 0)\" class=\"has-inline-color has-accent-3-color\">hier<\/mark><\/a><mark style=\"background-color:rgba(0, 0, 0, 0)\" class=\"has-inline-color has-accent-3-color\"> <\/mark><\/em><\/strong>herunterladen.<\/p>\n<\/div>\n\n\n\n<div class=\"wp-block-group is-nowrap is-layout-flex wp-container-core-group-is-layout-6c531013 wp-block-group-is-layout-flex\">\n<figure class=\"wp-block-image size-full is-resized\"><img loading=\"lazy\" decoding=\"async\" width=\"296\" height=\"200\" src=\"https:\/\/mille1000.de\/wp-content\/uploads\/content_ghf_Teppiche03.jpg\" alt=\"\" class=\"wp-image-336\" style=\"object-fit:cover;width:407px;height:auto\"\/><\/figure>\n\n\n\n<figure class=\"wp-block-image size-full is-resized\"><img loading=\"lazy\" decoding=\"async\" width=\"395\" height=\"200\" src=\"https:\/\/mille1000.de\/wp-content\/uploads\/content_ghf_Teppiche04.jpg\" alt=\"\" class=\"wp-image-335\" style=\"width:547px;height:auto\" srcset=\"https:\/\/mille1000.de\/wp-content\/uploads\/content_ghf_Teppiche04.jpg 395w, https:\/\/mille1000.de\/wp-content\/uploads\/content_ghf_Teppiche04-300x152.jpg 300w\" sizes=\"auto, (max-width: 395px) 100vw, 395px\" \/><\/figure>\n<\/div>\n\n\n\n<div style=\"height:5px\" aria-hidden=\"true\" class=\"wp-block-spacer\"><\/div>\n<\/div>\n\n\n\n<div class=\"wp-block-group has-global-padding is-layout-constrained wp-container-core-group-is-layout-f1ba3e7e wp-block-group-is-layout-constrained\">\n<hr class=\"wp-block-separator has-alpha-channel-opacity has-background is-style-dots\" style=\"margin-top:var(--wp--preset--spacing--40);margin-bottom:var(--wp--preset--spacing--40)\"\/>\n\n\n\n<div class=\"wp-block-media-text is-stacked-on-mobile\" style=\"grid-template-columns:67% auto\"><figure class=\"wp-block-media-text__media\"><img loading=\"lazy\" decoding=\"async\" width=\"811\" height=\"537\" src=\"https:\/\/mille1000.de\/wp-content\/uploads\/content_ghf_AstaUniHamburg01.jpg\" alt=\"\" class=\"wp-image-346 size-full\" srcset=\"https:\/\/mille1000.de\/wp-content\/uploads\/content_ghf_AstaUniHamburg01.jpg 811w, https:\/\/mille1000.de\/wp-content\/uploads\/content_ghf_AstaUniHamburg01-300x199.jpg 300w, https:\/\/mille1000.de\/wp-content\/uploads\/content_ghf_AstaUniHamburg01-768x509.jpg 768w\" sizes=\"auto, (max-width: 811px) 100vw, 811px\" \/><\/figure><div class=\"wp-block-media-text__content\">\n<p style=\"font-size:clamp(0.984rem, 0.984rem + ((1vw - 0.2rem) * 0.86), 1.5rem);\">Eine Aktion in den fr\u00fchen 80er Jahren des Asta der Uni Hamburg gegen Stellenabbau und K\u00fcrzungen im Lehrbetrieb der Universit\u00e4t.<\/p>\n<\/div><\/div>\n<\/div>\n","protected":false},"excerpt":{"rendered":"<p>Girls have fun M\u00e4rz 2011: eine Woche Festival von S\u00e4ngerinnen, Autorinnen, Musikerinnen in der Traumstadtwohnung in M\u00fcnchen. Dazu eine Ausstellung, Tanzkurs, Diskussionen. Veranstalter: Frauenedition M\u00fcnchen. Die Traumstadtwohnung in Schwabing: der K\u00fcnstler Oswald Malura lebte dort \u00fcber Jahrzehnte mit seiner Familie, eine Wohnung voller eigener Bilder von ihm und von FreundInnen aus der Schwabinger\/M\u00fcnchner\/bayrischen Kunstszene seit [&hellip;]<\/p>\n","protected":false},"author":1,"featured_media":0,"parent":19,"menu_order":6,"comment_status":"closed","ping_status":"closed","template":"","meta":{"footnotes":""},"class_list":["post-314","page","type-page","status-publish","hentry"],"_links":{"self":[{"href":"https:\/\/mille1000.de\/index.php\/wp-json\/wp\/v2\/pages\/314","targetHints":{"allow":["GET"]}}],"collection":[{"href":"https:\/\/mille1000.de\/index.php\/wp-json\/wp\/v2\/pages"}],"about":[{"href":"https:\/\/mille1000.de\/index.php\/wp-json\/wp\/v2\/types\/page"}],"author":[{"embeddable":true,"href":"https:\/\/mille1000.de\/index.php\/wp-json\/wp\/v2\/users\/1"}],"replies":[{"embeddable":true,"href":"https:\/\/mille1000.de\/index.php\/wp-json\/wp\/v2\/comments?post=314"}],"version-history":[{"count":26,"href":"https:\/\/mille1000.de\/index.php\/wp-json\/wp\/v2\/pages\/314\/revisions"}],"predecessor-version":[{"id":443,"href":"https:\/\/mille1000.de\/index.php\/wp-json\/wp\/v2\/pages\/314\/revisions\/443"}],"up":[{"embeddable":true,"href":"https:\/\/mille1000.de\/index.php\/wp-json\/wp\/v2\/pages\/19"}],"wp:attachment":[{"href":"https:\/\/mille1000.de\/index.php\/wp-json\/wp\/v2\/media?parent=314"}],"curies":[{"name":"wp","href":"https:\/\/api.w.org\/{rel}","templated":true}]}}